{"id":6793,"date":"2025-08-11T11:05:23","date_gmt":"2025-08-11T11:05:23","guid":{"rendered":"https:\/\/romantic-napier.54-36-183-106.plesk.page\/?page_id=6793"},"modified":"2025-08-11T11:05:52","modified_gmt":"2025-08-11T11:05:52","slug":"politique-de-gestion-des-cookies","status":"publish","type":"page","link":"https:\/\/rfroidmoncourtois.fr\/?page_id=6793","title":{"rendered":"Politique de gestion des cookies"},"content":{"rendered":"[vc_row type=\u00a0\u00bbin_container\u00a0\u00bb full_screen_row_position=\u00a0\u00bbmiddle\u00a0\u00bb column_margin=\u00a0\u00bbdefault\u00a0\u00bb column_direction=\u00a0\u00bbdefault\u00a0\u00bb column_direction_tablet=\u00a0\u00bbdefault\u00a0\u00bb column_direction_phone=\u00a0\u00bbdefault\u00a0\u00bb scene_position=\u00a0\u00bbcenter\u00a0\u00bb text_color=\u00a0\u00bbdark\u00a0\u00bb text_align=\u00a0\u00bbleft\u00a0\u00bb row_border_radius=\u00a0\u00bbnone\u00a0\u00bb row_border_radius_applies=\u00a0\u00bbbg\u00a0\u00bb overlay_strength=\u00a0\u00bb0.3&Prime; gradient_direction=\u00a0\u00bbleft_to_right\u00a0\u00bb shape_divider_position=\u00a0\u00bbbottom\u00a0\u00bb bg_image_animation=\u00a0\u00bbnone\u00a0\u00bb][vc_column column_padding=\u00a0\u00bbno-extra-padding\u00a0\u00bb column_padding_tablet=\u00a0\u00bbinherit\u00a0\u00bb column_padding_phone=\u00a0\u00bbinherit\u00a0\u00bb column_padding_position=\u00a0\u00bball\u00a0\u00bb column_element_spacing=\u00a0\u00bbdefault\u00a0\u00bb background_color_opacity=\u00a0\u00bb1&Prime; background_hover_color_opacity=\u00a0\u00bb1&Prime; column_shadow=\u00a0\u00bbnone\u00a0\u00bb column_border_radius=\u00a0\u00bbnone\u00a0\u00bb column_link_target=\u00a0\u00bb_self\u00a0\u00bb gradient_direction=\u00a0\u00bbleft_to_right\u00a0\u00bb overlay_strength=\u00a0\u00bb0.3&Prime; width=\u00a0\u00bb1\/1&Prime; tablet_width_inherit=\u00a0\u00bbdefault\u00a0\u00bb tablet_text_alignment=\u00a0\u00bbdefault\u00a0\u00bb phone_text_alignment=\u00a0\u00bbdefault\u00a0\u00bb bg_image_animation=\u00a0\u00bbnone\u00a0\u00bb border_type=\u00a0\u00bbsimple\u00a0\u00bb column_border_width=\u00a0\u00bbnone\u00a0\u00bb column_border_style=\u00a0\u00bbsolid\u00a0\u00bb][vc_column_text]Politique de gestion des cookies de\u00a0R Froid Moncourtois,\u00a022 rue Champs, Moncourt Fromonville, 77140, FR<\/p>\n<p>Cookies essentiels.<\/p>\n<p>Ils sont strictement n\u00e9cessaires \u00e0 l\u2019utilisation du service et permettent l\u2019utilisation des principales fonctionnalit\u00e9s du site, comme le cas \u00e9ch\u00e9ant l\u2019acc\u00e8s \u00e0 votre compte personnel, ou encore de m\u00e9moriser les pr\u00e9f\u00e9rences d&rsquo;affichage de votre terminal (langue, param\u00e8tres d&rsquo;affichage) et d&rsquo;en tenir compte lors de vos visites, selon la charte graphique et les logiciels de visualisation ou de lecture de votre terminal. Ils peuvent inclure des cookies de r\u00e9seaux sociaux lorsque vous interagissez avec ces derniers. Ils nous permettent aussi de lier entre elles les diff\u00e9rentes pages consult\u00e9es pour vous assurer une navigation fluide.<\/p>\n<p>Pour param\u00e9trer :<\/p>\n<p>Vous pouvez d\u00e9sactiver compl\u00e8tement les cookies dans votre navigateur. Dans ce cas notre site ne fonctionnera plus normalement mais vous pourrez quand m\u00eame effectuer des actions basiques.<\/p>\n<p><u>1\/ si vous utilisez le navigateur Internet Explorer<\/u><\/p>\n<ul>\n<li>Dans Internet Explorer, cliquez sur le bouton \u00ab Outils \u00bb, puis sur \u00ab Options Internet \u00bb.<\/li>\n<li>Sous l\u2019onglet Confidentialit\u00e9 d\u00e9placez le curseur vers le haut pour bloquer tous les cookies ou vers le bas pour autoriser tous les cookies, puis cliquez sur OK.<\/li>\n<\/ul>\n<p>&nbsp;<\/p>\n<p><u>2\/ si vous utilisez le navigateur Firefox<\/u><\/p>\n<ul>\n<li>Allez dans le menu \u00ab Outils \u00bb du navigateur puis s\u00e9lectionnez le menu \u00ab Options \u00bb<\/li>\n<li>Cliquez sur l\u2019onglet \u00ab vie priv\u00e9e \u00bb, d\u00e9cochez la case \u00ab Accepter les cookies \u00bb puis cliquez sur OK.<\/li>\n<\/ul>\n<p>&nbsp;<\/p>\n<p><u>3\/ si vous utilisez le navigateur Safari<\/u><\/p>\n<ul>\n<li>Dans votre navigateur, choisissez le menu \u00ab \u00c9dition \u00bb puis s\u00e9lectionnez \u00ab Pr\u00e9f\u00e9rences \u00bb.<\/li>\n<li>Cliquez sur \u00ab Confidentialit\u00e9 \u00bb.<\/li>\n<li>Positionnez le r\u00e9glage \u00ab Bloquer les cookies \u00bb sur \u00ab Toujours \u00bb puis cliquez sur OK.<\/li>\n<\/ul>\n<p>&nbsp;<\/p>\n<p><u>4\/ si vous utilisez le navigateur Google Chrome<\/u><\/p>\n<ul>\n<li>Cliquez sur le menu Chrome dans la barre d&rsquo;outils du navigateur.<\/li>\n<li>S\u00e9lectionnez \u00ab Param\u00e8tres \u00bb.<\/li>\n<li>Cliquez sur \u00ab Afficher les param\u00e8tres avanc\u00e9s \u00bb.<\/li>\n<li>Dans la section \u00ab Confidentialit\u00e9 \u00bb, cliquez sur le bouton \u00ab Param\u00e8tres de contenu \u00bb.<\/li>\n<li>Dans la section \u00ab Cookies \u00bb, s\u00e9lectionnez \u00ab Interdire \u00e0 tous les sites de stocker des donn\u00e9es \u00bb et cochez la case \u00ab Bloquer les cookies et les donn\u00e9es de site tiers \u00bb, puis cliquez sur OK.<\/li>\n<\/ul>\n<p>&nbsp;<\/p>\n<p>Cookies fonctionnels de mesure d\u2019audience et de statistiques.<\/p>\n<p>Ils nous permettent de faire vivre le site et d\u2019\u00e9tablir des statistiques et comptages de fr\u00e9quentation et d&rsquo;utilisation de ses rubriques et contenus, pour r\u00e9aliser des \u00e9tudes afin d\u2019am\u00e9liorer le contenu (mesure du nombre de visites, de pages vues ou encore de l&rsquo;activit\u00e9 des visiteurs sur le site et de leur fr\u00e9quence de retour). Ils nous permettent \u00e9galement d\u2019analyser la navigation des internautes afin d\u2019am\u00e9liorer notre service ou de d\u00e9tecter des dysfonctionnements.<\/p>\n<p>Nous d\u00e9posons \u00e9galement des cookies de mesure d\u2019audience exempt\u00e9s de consentement gr\u00e2ce \u00e0 notre outil de mesure d\u2019audience AT Internet. Les donn\u00e9es collect\u00e9es dans ce cadre ne permettent pas de suivre votre navigation sur d\u2019autres sites tiers.<\/p>\n<p>Vous pouvez d\u00e9sactiver ces cookies exempt\u00e9s de consentement en cochant la case suivante<\/p>\n<p>Cookies de commercialisation.<\/p>\n<p>Ils sont susceptibles d\u2019\u00eatre plac\u00e9s dans votre terminal, afin d\u2019identifier vos centres d\u2019int\u00e9r\u00eat au travers des produits consult\u00e9s sur notre site et de collecter des donn\u00e9es de navigation afin de personnaliser l\u2019offre publicitaire qui vous est adress\u00e9e sur et en dehors de nos sites.<\/p>\n<p>Vous pouvez vous opposer \u00e0 l\u2019usage de vos donn\u00e9es de navigation \u00e0 des fins publicitaires par nos partenaires<\/p>\n<p>&nbsp;<\/p>\n<p>Vous pouvez \u00e9galement vous opposer \u00e0 tous les cookies tiers depuis votre navigateur :<\/p>\n<p><u>1\/ si vous utilisez le navigateur Internet Explorer<\/u><\/p>\n<ul>\n<li>Dans Internet Explorer, cliquez sur le bouton \u00ab Outils \u00bb, puis sur \u00ab Options Internet \u00bb.<\/li>\n<li>Sous l\u2019onglet Confidentialit\u00e9, sous Cookies, activez l\u2019option Bloquer tous les cookies tiers, puis cliquez sur OK.<\/li>\n<\/ul>\n<p>&nbsp;<\/p>\n<p><u>2\/ si vous utilisez le navigateur Firefox<\/u><\/p>\n<ul>\n<li>Allez dans le menu \u00ab Outils \u00bb du navigateur puis s\u00e9lectionnez \u00ab Options \u00bb<\/li>\n<li>Cliquez sur l\u2019onglet \u00ab vie priv\u00e9e \u00bb, passez le param\u00e8tre \u00ab Accepter les cookies tiers \u00bb \u00e0 \u00ab jamais \u00bb, puis cliquez sur OK.<\/li>\n<\/ul>\n<p>&nbsp;<\/p>\n<p><u>3\/ si vous utilisez le navigateur Safari<\/u><\/p>\n<ul>\n<li>Dans votre navigateur, choisissez le menu \u00ab \u00c9dition \u00bb puis s\u00e9lectionnez \u00ab Pr\u00e9f\u00e9rences \u00bb.<\/li>\n<li>Cliquez sur \u00ab Confidentialit\u00e9 \u00bb.<\/li>\n<li>Positionnez le r\u00e9glage \u00ab Bloquer les cookies sur \u00ab Des tierces parties et des annonceurs \u00bb puis cliquez sur OK.<\/li>\n<\/ul>\n<p>&nbsp;<\/p>\n<p><u>4\/ si vous utilisez le navigateur Google Chrome<\/u><\/p>\n<ul>\n<li>Cliquez sur le menu Chrome dans la barre d&rsquo;outils du navigateur.<\/li>\n<li>S\u00e9lectionnez \u00ab Param\u00e8tres \u00bb.<\/li>\n<li>Cliquez sur \u00ab Afficher les param\u00e8tres avanc\u00e9s \u00bb.<\/li>\n<li>Dans la section \u00ab Confidentialit\u00e9 \u00bb, cliquez sur le bouton \u00ab Param\u00e8tres de contenu \u00bb.<\/li>\n<li>Dans la section \u00ab Cookies \u00bb, cochez la case \u00ab Bloquer les cookies et les donn\u00e9es de site tiers \u00bb, puis cliquez sur OK.<\/li>\n<\/ul>\n<p>&nbsp;<\/p>\n<p>La CNIL propose par ailleurs sur son site \u00e0 l\u2019adresse\u00a0<a href=\"https:\/\/www.cnil.fr\/\">https:\/\/www.cnil.fr<\/a>\u00a0un large panel d\u2019outils permettant de limiter la tra\u00e7abilit\u00e9 de votre navigation sur Internet : extensions pour votre navigateur permettant de bloquer les traceurs, les boutons de partage sur les r\u00e9seaux sociaux, le chargement de ressources en provenance d\u2019autres sites\u2026<\/p>\n[\/vc_column_text][\/vc_column][\/vc_row]\n","protected":false},"excerpt":{"rendered":"<p>[vc_row type=\u00a0\u00bbin_container\u00a0\u00bb full_screen_row_position=\u00a0\u00bbmiddle\u00a0\u00bb column_margin=\u00a0\u00bbdefault\u00a0\u00bb column_direction=\u00a0\u00bbdefault\u00a0\u00bb column_direction_tablet=\u00a0\u00bbdefault\u00a0\u00bb column_direction_phone=\u00a0\u00bbdefault\u00a0\u00bb scene_position=\u00a0\u00bbcenter\u00a0\u00bb text_color=\u00a0\u00bbdark\u00a0\u00bb text_align=\u00a0\u00bbleft\u00a0\u00bb row_border_radius=\u00a0\u00bbnone\u00a0\u00bb row_border_radius_applies=\u00a0\u00bbbg\u00a0\u00bb overlay_strength=\u00a0\u00bb0.3&Prime; gradient_direction=\u00a0\u00bbleft_to_right\u00a0\u00bb shape_divider_position=\u00a0\u00bbbottom\u00a0\u00bb bg_image_animation=\u00a0\u00bbnone\u00a0\u00bb][vc_column column_padding=\u00a0\u00bbno-extra-padding\u00a0\u00bb column_padding_tablet=\u00a0\u00bbinherit\u00a0\u00bb column_padding_phone=\u00a0\u00bbinherit\u00a0\u00bb column_padding_position=\u00a0\u00bball\u00a0\u00bb column_element_spacing=\u00a0\u00bbdefault\u00a0\u00bb background_color_opacity=\u00a0\u00bb1&Prime; background_hover_color_opacity=\u00a0\u00bb1&Prime; column_shadow=\u00a0\u00bbnone\u00a0\u00bb column_border_radius=\u00a0\u00bbnone\u00a0\u00bb&#8230;<\/p>\n","protected":false},"author":1,"featured_media":0,"parent":0,"menu_order":0,"comment_status":"closed","ping_status":"closed","template":"","meta":{"footnotes":""},"class_list":["post-6793","page","type-page","status-publish"],"_links":{"self":[{"href":"https:\/\/rfroidmoncourtois.fr\/index.php?rest_route=\/wp\/v2\/pages\/6793","targetHints":{"allow":["GET"]}}],"collection":[{"href":"https:\/\/rfroidmoncourtois.fr\/index.php?rest_route=\/wp\/v2\/pages"}],"about":[{"href":"https:\/\/rfroidmoncourtois.fr\/index.php?rest_route=\/wp\/v2\/types\/page"}],"author":[{"embeddable":true,"href":"https:\/\/rfroidmoncourtois.fr\/index.php?rest_route=\/wp\/v2\/users\/1"}],"replies":[{"embeddable":true,"href":"https:\/\/rfroidmoncourtois.fr\/index.php?rest_route=%2Fwp%2Fv2%2Fcomments&post=6793"}],"version-history":[{"count":3,"href":"https:\/\/rfroidmoncourtois.fr\/index.php?rest_route=\/wp\/v2\/pages\/6793\/revisions"}],"predecessor-version":[{"id":6796,"href":"https:\/\/rfroidmoncourtois.fr\/index.php?rest_route=\/wp\/v2\/pages\/6793\/revisions\/6796"}],"wp:attachment":[{"href":"https:\/\/rfroidmoncourtois.fr\/index.php?rest_route=%2Fwp%2Fv2%2Fmedia&parent=6793"}],"curies":[{"name":"wp","href":"https:\/\/api.w.org\/{rel}","templated":true}]}}